{"id":11,"date":"2007-10-14T19:11:45","date_gmt":"2007-10-14T17:11:45","guid":{"rendered":"http:\/\/www.kanzlei-polster.com\/index.php\/vita-frank-holle\/"},"modified":"2020-10-08T07:49:46","modified_gmt":"2020-10-08T05:49:46","slug":"vita-frank-holle","status":"publish","type":"page","link":"http:\/\/kanzlei-polster.com\/?page_id=11","title":{"rendered":"Rechts-\/Fachanwalt F. Holle (bis 30.09.2006)"},"content":{"rendered":"<p><a href=\"http:\/\/kanzlei-polster.com\/wp-content\/uploads\/2007\/10\/FrankHolle.jpg\"><img loading=\"lazy\" class=\"alignleft wp-image-243 size-thumbnail\" src=\"http:\/\/kanzlei-polster.com\/wp-content\/uploads\/2007\/10\/FrankHolle-150x150.jpg\" alt=\"FrankHolle\" width=\"150\" height=\"150\"><\/a>Besuch von allgemeinbildenden Schulen in Tarmstedt und Zeven.<br \/>\nAusbildung zum Versicherungskaufmann.<br \/>\nStudium der Rechtswissenschaften in Kiel. Gro\u00dfes juristisches Staatsexamen 1999.<br \/>\nFachanwalt f\u00fcr Familienrecht seit 2003.<br \/>\nVerheiratet, drei Kinder. Lebt in Ottersberg.<br \/>\nHerr Holle wurde anl\u00e4sslich der Kommunalwahl 2006 in Niedersachsen zum B\u00fcrgermeister der Samtgemeinde Tarmstedt gew\u00e4hlt und schied am 30.09.2006 aus der Kanzlei aus. 2014 erfolgte seine Wiederwahl bis 2021.<\/p>\n","protected":false},"excerpt":{"rendered":"<p>Besuch von allgemeinbildenden Schulen in Tarmstedt und Zeven. Ausbildung zum Versicherungskaufmann. Studium der Rechtswissenschaften in Kiel. Gro\u00dfes juristisches Staatsexamen 1999. Fachanwalt f\u00fcr Familienrecht seit 2003. Verheiratet, drei Kinder. Lebt in Ottersberg. Herr Holle wurde anl\u00e4sslich der Kommunalwahl 2006 in Niedersachsen zum B\u00fcrgermeister der Samtgemeinde Tarmstedt gew\u00e4hlt und schied am 30.09.2006 aus der Kanzlei aus. 2014 &hellip; <\/p>\n<p><a class=\"more-link btn\" href=\"http:\/\/kanzlei-polster.com\/?page_id=11\">Weiterlesen<\/a><\/p>\n","protected":false},"author":1,"featured_media":0,"parent":13,"menu_order":4,"comment_status":"closed","ping_status":"closed","template":"","meta":[],"_links":{"self":[{"href":"http:\/\/kanzlei-polster.com\/index.php?rest_route=\/wp\/v2\/pages\/11"}],"collection":[{"href":"http:\/\/kanzlei-polster.com\/index.php?rest_route=\/wp\/v2\/pages"}],"about":[{"href":"http:\/\/kanzlei-polster.com\/index.php?rest_route=\/wp\/v2\/types\/page"}],"author":[{"embeddable":true,"href":"http:\/\/kanzlei-polster.com\/index.php?rest_route=\/wp\/v2\/users\/1"}],"replies":[{"embeddable":true,"href":"http:\/\/kanzlei-polster.com\/index.php?rest_route=%2Fwp%2Fv2%2Fcomments&post=11"}],"version-history":[{"count":5,"href":"http:\/\/kanzlei-polster.com\/index.php?rest_route=\/wp\/v2\/pages\/11\/revisions"}],"predecessor-version":[{"id":329,"href":"http:\/\/kanzlei-polster.com\/index.php?rest_route=\/wp\/v2\/pages\/11\/revisions\/329"}],"up":[{"embeddable":true,"href":"http:\/\/kanzlei-polster.com\/index.php?rest_route=\/wp\/v2\/pages\/13"}],"wp:attachment":[{"href":"http:\/\/kanzlei-polster.com\/index.php?rest_route=%2Fwp%2Fv2%2Fmedia&parent=11"}],"curies":[{"name":"wp","href":"https:\/\/api.w.org\/{rel}","templated":true}]}}