{"id":206,"date":"2014-07-19T12:14:23","date_gmt":"2014-07-19T10:14:23","guid":{"rendered":"http:\/\/www.kanzlei-polster.com\/?page_id=206"},"modified":"2018-04-12T11:28:50","modified_gmt":"2018-04-12T11:28:50","slug":"formular-download-4","status":"publish","type":"page","link":"http:\/\/kanzlei-polster.com\/?page_id=206","title":{"rendered":"Formular Download"},"content":{"rendered":"<p>Hier sind einige Datenerfassungs- oder Mitteilungsformulare aufgef\u00fchrt, die Ihnen und uns die Zusammenarbeit erleichtern. Durch einen &#8222;Klick&#8220; laden Sie das Formular auf Ihren Rechner. Dort k\u00f6nnen Sie es bequem mit dem Adobe Reader oder einem anderen kostenlosen PDF-Programm ausf\u00fcllen und uns per E-Mail zur Verf\u00fcgung stellen.<\/p>\n<p>Falls das zu kompliziert klingt, k\u00f6nnen Sie uns die erforderlichen Daten selbstverst\u00e4ndlich auch auf anderem Wege, z.B. anl\u00e4sslich eines Besprechungstermins in der Kanzlei oder telefonisch, \u00fcbermitteln.<\/p>\n<p><a href=\"http:\/\/kanzlei-polster.com\/wp-content\/uploads\/2014\/07\/AdoptionMerkblatt.pdf\">Adoption Merkblatt<\/a><\/p>\n<p><a href=\"http:\/\/kanzlei-polster.com\/wp-content\/uploads\/2014\/07\/EinverstaendnisGrundbucheinsicht.pdf\">Einverstaendnis Grundbucheinsicht<\/a><\/p>\n<p><a href=\"http:\/\/kanzlei-polster.com\/wp-content\/uploads\/2016\/04\/Erbausschlagung-Fragebogen-.pdf\">Erbausschlagung Datenabfrage<\/a><\/p>\n<p><a href=\"http:\/\/kanzlei-polster.com\/wp-content\/uploads\/2016\/07\/Erbscheinsantrag-Datenabfrage-Mdt.pdf\">Erbscheinsantrag Datenabfrage<\/a><\/p>\n<p><a href=\"http:\/\/kanzlei-polster.com\/wp-content\/uploads\/2016\/01\/Einverst\u00e4ndnis-Miterbe-Gemeinschaftlicher-Erbschein.pdf\">Erbscheinsantrag gemeinschaftlich Einverst\u00e4ndnis Miterben<\/a><\/p>\n<p><a href=\"http:\/\/kanzlei-polster.com\/wp-content\/uploads\/2014\/07\/Kaufpreisbestaetigung.pdf\">Kaufpreisbestaetigung<\/a><\/p>\n<p><a href=\"http:\/\/kanzlei-polster.com\/wp-content\/uploads\/2018\/04\/Kaufvertrag-Datenabfrage-Mdt.pdf\">Kaufvertrag Datenabfrage<\/a><\/p>\n<p><a href=\"http:\/\/kanzlei-polster.com\/wp-content\/uploads\/2016\/04\/Vereinsformular.pdf\">Vereinsregister Anmeldung<\/a><\/p>\n","protected":false},"excerpt":{"rendered":"<p>Hier sind einige Datenerfassungs- oder Mitteilungsformulare aufgef\u00fchrt, die Ihnen und uns die Zusammenarbeit erleichtern. Durch einen &#8222;Klick&#8220; laden Sie das Formular auf Ihren Rechner. Dort k\u00f6nnen Sie es bequem mit dem Adobe Reader oder einem anderen kostenlosen PDF-Programm ausf\u00fcllen und uns per E-Mail zur Verf\u00fcgung stellen. Falls das zu kompliziert klingt, k\u00f6nnen Sie uns die &hellip; <\/p>\n<p><a class=\"more-link btn\" href=\"http:\/\/kanzlei-polster.com\/?page_id=206\">Weiterlesen<\/a><\/p>\n","protected":false},"author":1,"featured_media":0,"parent":13,"menu_order":7,"comment_status":"closed","ping_status":"closed","template":"","meta":[],"_links":{"self":[{"href":"http:\/\/kanzlei-polster.com\/index.php?rest_route=\/wp\/v2\/pages\/206"}],"collection":[{"href":"http:\/\/kanzlei-polster.com\/index.php?rest_route=\/wp\/v2\/pages"}],"about":[{"href":"http:\/\/kanzlei-polster.com\/index.php?rest_route=\/wp\/v2\/types\/page"}],"author":[{"embeddable":true,"href":"http:\/\/kanzlei-polster.com\/index.php?rest_route=\/wp\/v2\/users\/1"}],"replies":[{"embeddable":true,"href":"http:\/\/kanzlei-polster.com\/index.php?rest_route=%2Fwp%2Fv2%2Fcomments&post=206"}],"version-history":[{"count":12,"href":"http:\/\/kanzlei-polster.com\/index.php?rest_route=\/wp\/v2\/pages\/206\/revisions"}],"predecessor-version":[{"id":296,"href":"http:\/\/kanzlei-polster.com\/index.php?rest_route=\/wp\/v2\/pages\/206\/revisions\/296"}],"up":[{"embeddable":true,"href":"http:\/\/kanzlei-polster.com\/index.php?rest_route=\/wp\/v2\/pages\/13"}],"wp:attachment":[{"href":"http:\/\/kanzlei-polster.com\/index.php?rest_route=%2Fwp%2Fv2%2Fmedia&parent=206"}],"curies":[{"name":"wp","href":"https:\/\/api.w.org\/{rel}","templated":true}]}}